 n and 1.
1
Suppose 10*g - 15 = 5*g, 5*w - 4 = 2*g. Suppose 0 = -2*j - j - 24. Let t be (-2)/8 + (-18)/j. What is the highest common divisor of t and w?
2
Let c = 8 + -18. Let t be -100*(2 - (-24)/c). Let p(n) = -n**3 - 5*n**2 - 3*n - 11. Let i be p(-5). Calculate the highest common factor of t and i.
4
Suppose 10*j - 1800 = -8*j. What is the greatest common divisor of j and 60?
20
Let c = 98 + -86. What is the greatest common divisor of 1500 and c?
12
Let b = 119 - 109. Suppose l + 5*i - 215 = 0, 453 = -4*l - 3*i + 1228. Calculate the greatest common divisor of l and b.
10
Suppose 0 = 114*b - 115*b + 9. What is the highest common factor of b and 15?
3
Let n be 1 + (0/(-2) - 9/9). Let q(x) = x**2 + 14. Let b be q(n). Calculate the highest common divisor of b and 154.
14
Let q be 10 - (0 + (-2)/(-2)). Let y = 125 + -25. Let a = -19 + y. What is the greatest common divisor of q and a?
9
Let x = 259 - 181. Let u(r) = r**3 - 12*r**2 + 11*r + 5. Let s be u(11). Suppose 0*n - s*n = -65. Calculate the highest common divisor of x and n.
13
Let a(n) = -n**3 - 3*n**2 + 15*n + 48. Let i be a(-6). What is the greatest common factor of 33 and i?
33
Let r = 6 + 12. Let h = 18 - r. Suppose h = p - 2*p + 26. Calculate the highest common divisor of p and 13.
13
Let f = -10 + 22. Suppose -f = -2*o + 2. Let v be 148/3 - (-2)/(-6). Calculate the greatest common factor of v and o.
7
Suppose 5*z = -3*a - 13 + 40, a = -2*z + 11. Suppose 2*v - z*v = -324. Calculate the highest common factor of 9 and v.
9
Let b(k) = 1. Let n(p) = -12*p + 10. Let x(o) = 6*b(o) - n(o). Let j be x(-3). Let d be 8/j + (-141)/(-5). What is the highest common divisor of d and 84?
28
Let t(g) = g**2 + 11*g - 9. Let w be t(-12). Let j(p) = -p**3 + 5*p**2 - 6*p + 1. Let x be j(3). Calculate the highest common divisor of x and w.
1
Suppose 7*w + 11*w = 162. What is the highest common factor of 333 and w?
9
Let u be 4 + (-4)/2 - -16. Suppose k - 30 = -5*z + 2*k, u = 3*z - 2*k. Let m(y) = 5*y. Let l be m(3). What is the greatest common factor of z and l?
3
Let l(v) be the third derivative of v**4/24 - v**3 - 3*v**2. Let k be l(3). Let q be 12 - (1 - (-1 - k)). What is the highest common divisor of q and 117?
13
Suppose 35*f = 34*f + 156. Suppose 4*z - 236 = -h - 3*h, -4*h = -3*z + f. Let t be 1/2 - 27/(-2). Calculate the greatest common divisor of z and t.
14
Let i be 51/7 + 4/(-14). Suppose 0*u = -3*u - 3, -q - u + 1 = 0. Suppose n = a + 74, -q*a + 0*a + 6 = 0. What is the greatest common factor of n and i?
7
Suppose -7*r - 21 - 49 = 0. Let c(n) = -2*n - 12. Let m be c(r). Suppose -2*u = 3*f - 92 - 32, -3*u + 152 = -4*f. What is the highest common divisor of m and u?
8
Suppose 0 = 4*l + h - 4 + 279, -2*l - h - 135 = 0. Let b be (10/4)/((-7)/l) - 1. Calculate the highest common divisor of 18 and b.
6
Suppose -3 = -0*a + a. Let n be a - (-54 + 4) - (1 - 3). What is the highest common factor of n and 7?
7
Let p(u) = -u**2 - 17*u - 10. Let r be p(-13). What is the highest common divisor of r and 12?
6
Suppose -12*j + 47 + 13 = 0. Suppose 6*r - 8*r = -j*p - 269, 3*p = -5*r + 657. Calculate the greatest common divisor of 12 and r.
12
Let o = 427 + -412. What is the highest common factor of 65 and o?
5
Suppose 0 = 78*i - 83*i + 25, 0 = 5*o + 4*i - 290. Calculate the highest common factor of 378 and o.
54
Let f = -14 - -41. Let q be 188*(f/12 + -2). Let o be q - 2*(-2 + 3). Calculate the highest common divisor of 9 and o.
9
Let u be (-7)/(-21) - 172/(-6). Let t = u - 9. Calculate the highest common divisor of 20 and t.
20
Let k = -31 + 64. What is the highest common factor of k and 3?
3
Let f be (4 - (-40)/(-15))*(-1026)/(-24). What is the greatest common factor of 2622 and f?
57
Let v(a) = 2*a**3 + 176 - 5*a + 5*a - a**2. Let n be v(0). What is the greatest common factor of n and 16?
16
Let y(z) = 2*z + 78. Let q be y(-26). Calculate the greatest common divisor of q and 104.
26
Suppose -4*t = 4*c - 380, -2*c + 460 = 5*t - 0*c. Suppose -t = -3*z - 3*z. Calculate the greatest common divisor of z and 15.
15
Let b(d) = -22*d - 92. Let j be b(-15). What is the highest common divisor of 266 and j?
14
Suppose -14*z + 199 = -109. What is the greatest common factor of 198 and z?
22
Let h(v) = -v**3 + 34*v**2 + 75*v - 65. Let w be h(36). What is the greatest common divisor of w and 344?
43
Let q = 114 - 54. Let h = -53 + 171. Suppose -4*u - u - 2*b = -h, u = 3*b + 27. What is the highest common factor of q and u?
12
Suppose -12*x = -x - 726. What is the greatest common divisor of 726 and x?
66
Let z be 78 + 39 - 1/((-2)/4). What is the greatest common factor of z and 34?
17
Suppose -3*o - 3*a = -12, 15 = 3*o - a - 1. Suppose 3*k - k = -5*r - 41, 0 = -5*k + o*r - 190. Let g = k + 60. Calculate the highest common divisor of 18 and g.
9
Let h(n) = n**2 + 8*n + 1. Let b be h(-6). Let x = 13 + b. Suppose 5*c = 5, -u + 12 = x*u - 3*c. Calculate the highest common factor of 2 and u.
1
Let l(f) = 16*f. Let m be l(-10). Let v = 241 + m. Suppose -4*k - 56 = -4*o, -5*o - k + 23 = -17. What is the greatest common factor of v and o?
9
Let f be 80 - ((-11)/((-22)/(-4)) + -3). Calculate the highest common divisor of f and 119.
17
Let q be (-2 + 9)*(2 - 8)/(-2). Let t be (q/(-12))/(2 + (-9)/4). Calculate the greatest common divisor of t and 91.
7
Let y be 9 - -70 - (-5)/(-1). Calculate the highest common factor of 74 and y.
74
Let a be 5/(15/549) - 2. Let x = a + -100. Let f(n) = -12*n - 3. Let g be f(-1). What is the greatest common divisor of x and g?
9
Let w be 3/(((-5)/(-24))/5). Suppose 14*x = 65 + 187. What is the greatest common factor of w and x?
18
Let w(u) = u**3 - u**2 - 3*u + 11. Let k be w(-4). Let t = -37 - k. Let j(x) = -50*x. Let b be j(-1). Calculate the highest common divisor of b and t.
10
Suppose 3*a = 3*h - 171, -23*a = 2*h - 28*a - 111. Calculate the highest common divisor of h and 18.
2
Let q = 155 - 67. Let j = 100 - q. Calculate the greatest common divisor of j and 60.
12
Suppose -d - 3*u = -28, 0 = 4*d - 2*u - 3*u - 44. Let q be 128/(-12)*(-3)/2. Calculate the greatest common factor of d and q.
16
Suppose 3*z + 600 = 4*b, -3*b = -4*b - z + 150. What is the highest common factor of b and 210?
30
Let b be (-1 - 14)/(17 + 980/(-56)). Let l(y) = y**3 + 7*y**2 + 4. Let q be l(-6). What is the highest common divisor of q and b?
10
Let m = 926 + -922. What is the greatest common divisor of m and 17?
1
Suppose 102*l - 98*l = 40. Let b(z) = -z + 3. Let n be b(-7). Calculate the highest common factor of n and l.
10
Let m be 4/(8/15)*22/33. Let g(j) = -j**3 + 6*j**2 + 6*j + 5. Let h be g(m). What is the highest common factor of h and 20?
20
Let l = 13 - 11. Suppose 8 = l*i + 2*x, 5*x + 7 = -4*i + 24. Let m = 11 - i. Calculate the greatest common divisor of m and 64.
8
Let y be -4 + (3 - 3) + 3952. Let x be 4/22 - y/(-66). Calculate the greatest common factor of x and 12.
12
Let n(s) = s**3 - 6*s**2 - 2*s - 5. Let r be n(7). Let b(k) = -11*k - 12. Let q be b(-2). What is the greatest common factor of q and r?
10
Let y be (-8296)/(-48) - 5/6. Calculate the highest common divisor of 4 and y.
4
Suppose -6*d + 5*d = -182. Calculate the highest common factor of 14 and d.
14
Suppose 4*t - 4 = 2*t. Let m = 19 + t. Let z be 0/(-2) - (-2 + -12). Calculate the greatest common factor of m and z.
7
Suppose 107 = 5*f + o, 0*o - 3*o = -6. Suppose -4*q = -3*q. Suppose q = -2*p + 4, -p + 380 = 2*v. What is the greatest common factor of v and f?
21
Suppose 2*z = -7*s + 4*s + 139, 3*s - 74 = -z. Calculate the highest common divisor of 20 and z.
5
Let u(j) = -2*j - 10. Let z be u(-6). Let y = -6 - z. Let m = -7 - y. Calculate the highest common divisor of m and 3.
1
Suppose 0 = -30*c + 35*c - 10. Calculate the greatest common divisor of c and 48.
2
Let u be ((-2)/(-18) - 1771/63)*-33. Calculate the greatest common factor of 14 and u.
14
Let w = -845 - -863. Calculate the highest common divisor of 60 and w.
6
Let s be (-105)/(-33) + 4/(-22). Suppose 15 = -s*t, x = 6*x - t + 55. Let w = 17 + x. What is the greatest common factor of w and 35?
5
Let z = 24 + 0. Suppose z = -0*o + 3*o. Calculate the greatest common factor of o and 88.
8
Let b = 91 + 38. Let g = b + -74. What is the highest common divisor of g and 11?
11
Suppose -109